{"id":278,"date":"2021-11-25T18:42:53","date_gmt":"2021-11-25T16:42:53","guid":{"rendered":"https:\/\/www.ousdeponent.com\/?page_id=278"},"modified":"2024-10-14T18:33:21","modified_gmt":"2024-10-14T16:33:21","slug":"accueil","status":"publish","type":"page","link":"https:\/\/www.ousdeponent.com\/?page_id=278&lang=fr","title":{"rendered":"Accueil"},"content":{"rendered":"\n<h1>\n\t\tD\u00e9veloppement Durable\n\t<\/h1>\n<h2>\n\t\tSavez-vous quel est notre ADN ?\n\t<\/h2>\n<h3>\n\t\tPas de qualit\u00e9 sans d\u00e9veloppement durable\n\t<\/h3>\n\t<p>Et afin d&#8217;obtenir le produit le plus \u00e9cologique possible, chez Ous de Ponent, nous travaillons depuis des ann\u00e9es \u00e0 r\u00e9duire au maximum l&#8217;impact de notre activit\u00e9 sur l&#8217;environnement.<\/p>\n<p>Chez Ous de Ponent, nous avons un <strong>syst\u00e8me de production ferm\u00e9<\/strong>. Les c\u00e9r\u00e9ales sont sem\u00e9es et la terre est enrichie avec le fumier de nos volailles, les c\u00e9r\u00e9ales sont r\u00e9colt\u00e9es et utilis\u00e9es comme aliment pour nos poules, qui nous donnent un \u0153uf <strong>100 % \u00e9cologique <\/strong>de la plus haute qualit\u00e9.<\/p>\n<h2>\n\t\t\u00c9nergies renouvelables.\n\t<\/h2>\n\t<p>Outre ce syst\u00e8me de production ferm\u00e9, nos installations sont aliment\u00e9es en \u00e9nergie provenant de sources renouvelables et disposent de leur propre production gr\u00e2ce \u00e0 la mise en place de panneaux photovolta\u00efques.<\/p>\n<h3>\n\t\tEngag\u00e9s en faveur de l&#8217;environnement.\n\t<\/h3>\n<h4>\n\t\tNOTRE LISTE DE PRODUITS\n\t<\/h4>\n<h1>\n\t\tCe Que Nous Produisons \n\t<\/h1>\n\t\t\t<!-- END .front -->\n\t\t\t<!-- END .back -->\n\t\t <!-- ifb-flip-box -->\n\t <!-- flip-box -->\n<h3>\n\t\t\u0152ufs\n\t<\/h3>\n\t<p>La troisi\u00e8me \u00e9tape du processus de production a lieu dans le centre de triage, o\u00f9 les \u0153ufs sont soumis \u00e0 divers contr\u00f4les de qualit\u00e9 avant d&#8217;\u00eatre finalement class\u00e9s et emball\u00e9s en fonction des caract\u00e9ristiques et de la destination finale de chaque \u0153uf.<\/p>\n\t\t\t<!-- END .front -->\n\t\t\t<!-- END .back -->\n\t\t <!-- ifb-flip-box -->\n\t <!-- flip-box -->\n<h3>\n\t\tPoules\n\t<\/h3>\n\t<p>Toutes nos fermes sont conformes \u00e0 la r\u00e9glementation sur le \u00ab\u00a0bien-\u00eatre animal\u00a0\u00bb. Cela signifie que nos poules sont soign\u00e9es et pr\u00e9par\u00e9es pour commencer la p\u00e9riode de ponte aussi \u00ab\u00a0heureuses\u00a0\u00bb que possible. L&#8217;\u00e9tat de soin de la poule fait qu&#8217;elle nous offre le meilleur d&#8217;elle-m\u00eame. C&#8217;est \u00e0 dire un \u0153uf de qualit\u00e9 sup\u00e9rieure.<\/p>\n\t\t\t<!-- END .front -->\n\t\t\t<!-- END .back -->\n\t\t <!-- ifb-flip-box -->\n\t <!-- flip-box -->\n<h3>\n\t\tPoulettes\n\t<\/h3>\n\t<p>En tant que producteurs d&#8217;\u0153ufs, nous savons que pour avoir les meilleures poules pondeuses, nous devons d&#8217;abord s\u00e9lectionner et \u00e9lever nos poulettes le mieux possible. D\u00e8s qu&#8217;elles ont 17 semaines, elles sont pr\u00eates \u00e0 d\u00e9buter leur \u00e9tape de ponte.<\/p>\n<h4>\n\t\tNOUS DISPOSONS DE DIFF\u00c9RENTS\n\t<\/h4>\n<h1>\n\t\tTypes d&#8217;\u0152ufs\n\t<\/h1>\n\t\t\t\t<img decoding=\"async\" src=\"https:\/\/i0.wp.com\/www.ousdeponent.com\/wp-content\/uploads\/2022\/05\/Ou_0-2.png?resize=150%2C150&#038;ssl=1\" alt=\"\u0152uf_0\" itemprop=\"image\" title=\"\u0152uf_0\" onerror=\"this.style.display='none'\"  data-recalc-dims=\"1\" \/>\n<h2>\u00c9COLOGIQUE<\/h2>\t\t\n\t\t\tPour les clients les plus gourmets, des \u0153ufs de poules issues de l&#8217;alimentation biologique. 100 % certifi\u00e9s.<br \/>\nId\u00e9al pour les supermarch\u00e9s, les cha\u00eenes gastronomiques ou le commerce de d\u00e9tail.\n\t\t\t\t<img decoding=\"async\" src=\"https:\/\/i0.wp.com\/www.ousdeponent.com\/wp-content\/uploads\/2022\/05\/Ou_1-2.png?resize=150%2C150&#038;ssl=1\" alt=\"\u0152uf_1\" itemprop=\"image\" title=\"\u0152uf_1\" onerror=\"this.style.display='none'\"  data-recalc-dims=\"1\" \/>\n<h2>FERMIER<\/h2>\t\t\n\t\t\t<p>Pour les clients les plus exigeants, des \u0153ufs de poules \u00e9lev\u00e9es en plein air. Produit de nos poules \u00e9lev\u00e9es en plein air. Recommand\u00e9 pour les supermarch\u00e9s.<\/p>\n\t\t\t\t<img decoding=\"async\" src=\"https:\/\/i0.wp.com\/www.ousdeponent.com\/wp-content\/uploads\/2022\/05\/Ou_2-2.png?resize=150%2C150&#038;ssl=1\" alt=\"\u0152uf_2\" itemprop=\"image\" title=\"\u0152uf_2\" onerror=\"this.style.display='none'\"  data-recalc-dims=\"1\" \/>\n<h2>SOL<\/h2>\t\t\n\t\t\t<p>\u0152ufs frais en coquille provenant de nos poulaillers. De qualit\u00e9 sup\u00e9rieure et trait\u00e9s directement pour le consommateur final. Ventes aux supermarch\u00e9s et aux distributeurs.<\/p>\n<p>&#038;nbsp<\/p>\n<p>&#038;nbsp<\/p>\n\t\t\t\t<img decoding=\"async\" src=\"https:\/\/i0.wp.com\/www.ousdeponent.com\/wp-content\/uploads\/2022\/05\/Ou_3-2.png?resize=150%2C150&#038;ssl=1\" alt=\"\u0152uf_3\" itemprop=\"image\" title=\"\u0152uf_3\" onerror=\"this.style.display='none'\"  data-recalc-dims=\"1\" \/>\n<h2>CAGE<\/h2>\t\t\n\t\t\t<p>Des \u0153ufs frais provenant de nos hangars de ponte, o\u00f9 sont respect\u00e9es les exigences strictes en mati\u00e8re de bien-\u00eatre animal et la r\u00e9glementation de 2012 sur les cages am\u00e9nag\u00e9es. Nous obtenons de cette fa\u00e7on un \u0153uf de code trois de tr\u00e8s haute qualit\u00e9 destin\u00e9 principalement aux supermarch\u00e9s, aux distributeurs et \u00e0 l&#8217;exportation.<\/p>\n<h4>\n\t\tEXIGENCE MAXIMALE\n\t<\/h4>\n<h1>\n\t\tContr\u00f4les De Qualit\u00e9\n\t<\/h1>\n\t\t\t\t<img decoding=\"async\" src=\"https:\/\/i0.wp.com\/www.ousdeponent.com\/wp-content\/uploads\/2024\/06\/ifs_food.png?w=600&#038;ssl=1\" alt=\"ifs_food.png?w=600&amp;ssl=1\" itemprop=\"image\" title=\"ifs_food.png?w=600&amp;ssl=1\" onerror=\"this.style.display='none'\"  \/>\n\t\t\t\t<img decoding=\"async\" src=\"https:\/\/i0.wp.com\/ousdeponent.com\/wp-content\/uploads\/2021\/07\/welfair-206x300.png?resize=206%2C300\" alt=\"welfair logo\" itemprop=\"image\" title=\"welfair\" onerror=\"this.style.display='none'\"  data-recalc-dims=\"1\" \/>\n\t\t\t\t<img decoding=\"async\" src=\"https:\/\/i0.wp.com\/ousdeponent.com\/wp-content\/uploads\/2021\/07\/sae.png\" alt=\"sae logo\" itemprop=\"image\" title=\"sae\" onerror=\"this.style.display='none'\"  data-recalc-dims=\"1\" \/>\n<h2>\n\t\tSistema autocontroles <br \/> espec\u00edficos para exportaci\u00f3n\n\t<\/h2>\n<h4>\n\t\tNOUS VOUS ACCOMPAGNONS OU VOUS VOULEZ\n\t<\/h4>\n<h1>\n\t\tEXPORTATION\n\t<\/h1>\n\t<p>Ann\u00e9e apr\u00e8s ann\u00e9e, nous nous effor\u00e7ons d&#8217;aller toujours plus loin en cr\u00e9ant de nouveaux liens avec les entreprises leaders de l&#8217;industrie alimentaire.<\/p>\n\t\t<ul>\n\t\t\t\t\t<li>\n\t\t\t\t<h5>Exp\u00e9rience dans l&#8217;exportation d&#8217;\u0153ufs frais<\/h5>\n\t\t\t<\/li>\n\t\t\t\t\t<li>\n\t\t\t\t<h5>Plus de 20 pays de l&#8217;Union Europ\u00e9enne et d&#8217;Afrique<\/h5>\n\t\t\t<\/li>\n\t\t\t\t<\/ul>\n\t\t\t\t<img decoding=\"async\" src=\"https:\/\/i0.wp.com\/ousdeponent.com\/wp-content\/uploads\/2021\/08\/freight-square.jpg\" alt=\"freight\" itemprop=\"image\" title=\"freight\" onerror=\"this.style.display='none'\"  data-recalc-dims=\"1\" \/>\n<h2>\n\t\t5 raisons de travailler avec nous\n\t<\/h2>\n\t\t<ul>\n\t\t\t\t\t<li>\n\t\t\t\t<p>Large exp\u00e9rience dans la production et la distribution d&#8217;\u0153ufs de poule frais.<\/p>\n\t\t\t<\/li>\n\t\t\t\t<\/ul>\n\t\t<ul>\n\t\t\t\t\t<li>\n\t\t\t\t<p>Nos produits sont conformes aux exigences nationales et internationales en mati\u00e8re de qualit\u00e9 et de s\u00e9curit\u00e9 alimentaire.<\/p>\n\t\t\t<\/li>\n\t\t\t\t<\/ul>\n\t\t<ul>\n\t\t\t\t\t<li>\n\t\t\t\t<p>Les fermes et les centres de production sont situ\u00e9s en Espagne. Cela facilite le transport maritime et terrestre du produit.<\/p>\n\t\t\t<\/li>\n\t\t\t\t<\/ul>\n\t\t<ul>\n\t\t\t\t\t<li>\n\t\t\t\t<p>Processus de production moderne et \u00e9cologique.<\/p>\n\t\t\t<\/li>\n\t\t\t\t<\/ul>\n\t\t<ul>\n\t\t\t\t\t<li>\n\t\t\t\t<p>Grande \u00e9quipe professionnelle offrant toujours le meilleur service.<\/p>\n\t\t\t<\/li>\n\t\t\t\t<\/ul>\n<h4>\n\t\tPOUR TOUTE QUESTION\n\t<\/h4>\n<h1>\n\t\tContactez-nous\n\t<\/h1>\n\t<p>Pour toute question et\/ou demande, veuillez remplir le formulaire suivant. Nous serons enchant\u00e9s de vous aider.<\/p>\n\t<ul>\n\t\t<li>\t\t\t\t\n\t\t<h4> (+34) 973 714 348<\/h4><\/li><li>\t\t\t\t\n\t\t<h4>info@ousdeponent.com<\/h4><\/li><li>\t\t\t\t\n\t\t<h4>Partida Filella Baixa s\/n<\/h4><\/li>\t<\/ul>\n\t\t\t\t<img decoding=\"async\" src=\"https:\/\/i0.wp.com\/www.ousdeponent.com\/wp-content\/uploads\/2022\/11\/pdr.png?resize=300%2C68&#038;ssl=1\" alt=\"logo PDR\" itemprop=\"image\" title=\"pdr\" onerror=\"this.style.display='none'\"  data-recalc-dims=\"1\" \/>\n\t<strong>Mitigaci\u00f3 del canvi clim\u00e0tic a les explotacions agr\u00e0ries<\/strong><br \/>\nActuaci\u00f3 del Programa de desenvolupament rural de Catalunya 2014-2022 cofinan\u00e7ada per:\n\t\t\t\t<img decoding=\"async\" src=\"https:\/\/i0.wp.com\/www.ousdeponent.com\/wp-content\/uploads\/2022\/11\/ue.png?resize=300%2C64&#038;ssl=1\" alt=\"logo UE\" itemprop=\"image\" title=\"ue\" onerror=\"this.style.display='none'\"  data-recalc-dims=\"1\" \/>\n\t\t\t\t<img decoding=\"async\" src=\"https:\/\/i0.wp.com\/www.ousdeponent.com\/wp-content\/uploads\/2022\/11\/gene.png?resize=300%2C54&#038;ssl=1\" alt=\"logo Generalitat de Catalunya\" itemprop=\"image\" title=\"logo generalitat\" onerror=\"this.style.display='none'\"  data-recalc-dims=\"1\" \/>\n\t\t\t\t<img loading=\"lazy\" decoding=\"async\" src=\"https:\/\/i0.wp.com\/www.ousdeponent.com\/wp-content\/uploads\/2024\/10\/PDR2024-1.png?resize=224%2C52&#038;ssl=1\" alt=\"PDR2024\" itemprop=\"image\" height=\"52\" width=\"224\" title=\"PDR2024\" onerror=\"this.style.display='none'\"  data-recalc-dims=\"1\" \/>\n\tAjut d&#8217;Estat SA. 100859 <strong><br \/>\nMillora dels processos de transformaci\u00f3 i comercialitzaci\u00f3 de productes agroalimentaris <\/strong><br \/>\n\u00abModernitzaci\u00f3 del centre d&#8217;envasat d&#8217;Ous de Ponent, SL, mitjan\u00e7ant la implantaci\u00f3 de maquin\u00e0ria de proc\u00e9s innovadora\u00bb\n\n","protected":false},"excerpt":{"rendered":"<p>D\u00e9veloppement Durable Savez-vous quel est notre ADN ? Pas de qualit\u00e9 sans d\u00e9veloppement durable Et afin d&#8217;obtenir le produit le plus \u00e9cologique possible, chez Ous de Ponent, nous travaillons depuis des ann\u00e9es \u00e0 r\u00e9duire au maximum l&#8217;impact de notre activit\u00e9 sur l&#8217;environnement. Chez Ous de Ponent, nous avons un syst\u00e8me de production ferm\u00e9. Les c\u00e9r\u00e9ales&hellip;<\/p>\n","protected":false},"author":1,"featured_media":0,"parent":0,"menu_order":0,"comment_status":"closed","ping_status":"closed","template":"","meta":{"inline_featured_image":false,"footnotes":""},"class_list":["post-278","page","type-page","status-publish","hentry"],"_links":{"self":[{"href":"https:\/\/www.ousdeponent.com\/index.php?rest_route=\/wp\/v2\/pages\/278","targetHints":{"allow":["GET"]}}],"collection":[{"href":"https:\/\/www.ousdeponent.com\/index.php?rest_route=\/wp\/v2\/pages"}],"about":[{"href":"https:\/\/www.ousdeponent.com\/index.php?rest_route=\/wp\/v2\/types\/page"}],"author":[{"embeddable":true,"href":"https:\/\/www.ousdeponent.com\/index.php?rest_route=\/wp\/v2\/users\/1"}],"replies":[{"embeddable":true,"href":"https:\/\/www.ousdeponent.com\/index.php?rest_route=%2Fwp%2Fv2%2Fcomments&post=278"}],"version-history":[{"count":17,"href":"https:\/\/www.ousdeponent.com\/index.php?rest_route=\/wp\/v2\/pages\/278\/revisions"}],"predecessor-version":[{"id":396,"href":"https:\/\/www.ousdeponent.com\/index.php?rest_route=\/wp\/v2\/pages\/278\/revisions\/396"}],"wp:attachment":[{"href":"https:\/\/www.ousdeponent.com\/index.php?rest_route=%2Fwp%2Fv2%2Fmedia&parent=278"}],"curies":[{"name":"wp","href":"https:\/\/api.w.org\/{rel}","templated":true}]}}